19. Calculate the greatest common divisor of g and y.
18
Let f = 476 + -392. What is the greatest common factor of f and 1380?
12
Let l(d) = -6*d**3 + 3*d**2 - 3*d - 65. Let t be l(-5). Let r = -736 + t. What is the greatest common factor of 507 and r?
39
Let m be (-78813)/1946*-8*4/6. Calculate the greatest common divisor of 66 and m.
6
Let a = 126 - 50. Let q(b) = b**3 - 26*b**2 + 13*b + 80. Let p be q(26). Calculate the greatest common divisor of a and p.
38
Suppose -5*l + 2*l = -144. Let x be 7380/656*(-80)/(-5). Calculate the greatest common divisor of x and l.
12
Let u(f) be the second derivative of -f**5/20 - f**4/4 + f**3 + 14*f**2 - 48*f - 2. Let n be u(-4). What is the highest common factor of 380 and n?
20
Suppose 16 = j - 4. Let i(w) = -2*w**2 - 41. Let m be i(10). Let l = -191 - m. What is the highest common factor of l and j?
10
Let b(t) = t**3 - 11*t**2 + 41*t - 33. Let q be b(11). What is the highest common divisor of 646 and q?
38
Let n = 215 + -188. Suppose -h + 1 = -n. What is the greatest common factor of h and 238?
14
Let d(w) = -13*w**2 - 653*w - 94. Let r be d(-50). What is the highest common divisor of 28196 and r?
28
Suppose -5*m = -2*h - 314, -710 = -4*m - 5*h - 439. Calculate the highest common divisor of m and 1808.
16
Suppose 140 = -4*s - 120. Let i = -62 - s. Suppose n + i*n = 20. Calculate the greatest common factor of n and 2.
1
Suppose -47*o = -120*o + 73511. What is the greatest common divisor of 19 and o?
19
Let y = -88 - -92. Suppose -214 = -y*z + 46. What is the greatest common factor of 5 and z?
5
Let l = 292 + -502. Let k = 18 - l. Let x = k - 160. Calculate the highest common divisor of 17 and x.
17
Suppose -4*u + 214996 = 4*w, -21*u - 214992 = -25*u - 2*w. Calculate the highest common divisor of 71 and u.
71
Let y be (-28)/(-6) + (-5120)/(-60). Let u be 6/(-5)*(-15)/2. Let f be 165/u + 2/(-6). What is the highest common divisor of f and y?
18
Let s(x) = -x**3 + 10*x**2 + 10*x - 7. Let k be s(10). Let u be (-7)/(98/329)*-4. Suppose 0 = -12*a + 466 - u. Calculate the highest common factor of a and k.
31
Suppose 10775 = q + 159*o - 163*o, 3*q - 5*o - 32374 = 0. Calculate the greatest common factor of q and 39.
39
Let z be -3*((-28)/6)/2. Let s(m) = 377*m**2 + 158*m - 2. Let j be s(-1). Calculate the greatest common factor of j and z.
7
Suppose -5*a + 37 = -3*z, 2*z + 3*z = -5*a + 5. Suppose -a*w = 4*w - 360. Calculate the highest common divisor of w and 280.
40
Let b(c) = -c**3 + c**2 - 6*c + 284. Let g be b(0). Calculate the greatest common factor of 355 and g.
71
Let n be 6/(17/((-1020)/(-36))). What is the highest common divisor of n and 7610?
10
Let q(d) = 9*d**2 + 5*d - 32. Let p(i) = -9*i**2 - 5*i + 30. Let b(f) = -3*p(f) - 2*q(f). Let h be b(-7). Calculate the highest common factor of 20 and h.
20
Suppose -3*w + o = -88, 5*w - 5*o + 0*o = 130. Let f = 31 - w. Let c(b) = 3*b + 23. Let u be c(f). Calculate the greatest common factor of u and 23.
23
Suppose 22*q - 100191 = -11795. Calculate the greatest common divisor of q and 164.
82
Suppose 4*n + 3*k = 176, 22*k = -3*n + 26*k + 107. Suppose -4*l + 332 = 4*t, 0 = -2*l - t + 33 + 132. Calculate the greatest common divisor of n and l.
41
Let c(r) = 3*r**2 + 2*r - 5. Let a be c(-6). Suppose -367*t + 357*t = -520. Calculate the highest common factor of a and t.
13
Suppose 12*t = -71*t + 14110. Calculate the greatest common factor of t and 2006.
34
Let p(q) = -285*q + 1840. Let m be p(-58). What is the highest common factor of 55 and m?
55
Suppose 6*k - 12 = 4*k. Suppose 0 = -2*u - k*d + d + 36, -20 = -2*u - d. Let y be (3 - (-37 + 44))/(4*-1). What is the highest common factor of y and u?
1
Let t be (0 + 5 - 5)/3. Suppose -j - 3 + 17 = t. Let p(o) = 4*o**3 + o**2 - 2*o + 2. Let i be p(4). Calculate the greatest common divisor of j and i.
14
Let g(w) = 81*w - 1612. Let r be g(27). Calculate the highest common divisor of r and 115.
115
Let y(x) = 3*x - 5. Suppose 0 = -78*w + 77*w + 2. Let j be y(w). What is the greatest common factor of 13 and j?
1
Suppose 302 = 4*c + 38. Suppose 5*r - 56 = d + d, -3*d = 5*r - c. Suppose 3*k = -5*m + 60, 0 = -k + 4*m - 3 + 6. Calculate the highest common factor of k and r.
3
Let i be (-28)/(-6) - 4 - 460/(-12). Suppose i + 829 = 2*z. Calculate the highest common divisor of 14 and z.
14
Suppose -h = -v - 10, -7*h + 8*h - 15 = 2*v. Suppose -4*r - h*r + 171 = 0. Calculate the highest common divisor of r and 19.
19
Let n be (207/7)/(330/770). What is the highest common divisor of 943 and n?
23
Let u = 265 + -94. Suppose 4*d - d + 3*c = u, 3*d = -c + 177. What is the greatest common divisor of 200 and d?
20
Let j = 41 - -48. Suppose 0 = -v - 4*v + 70, -122 = -0*s - 2*s + 4*v. Calculate the greatest common factor of j and s.
89
Let z = -5330 + 9881. What is the highest common divisor of z and 111?
111
Suppose -126 = -18*l + 9*l. Suppose 42 = -l*z + 21*z. What is the greatest common divisor of z and 2?
2
Let y(c) = -c**2 - 91*c - 1093. Let x be y(-57). What is the greatest common divisor of x and 30?
5
Let c(u) = 11*u**2 + 12*u + 590. Let g(o) = -2*o**2 - o - 1. Let p(m) = c(m) + 6*g(m). Let s be p(0). Calculate the greatest common divisor of 73 and s.
73
Let l = -677 - -989. Suppose 3*t - 84 = -y, 4*t = 7*y - 11*y + l. Calculate the highest common divisor of y and 50.
25
Let g be 125/50*(-1 - (-3267)/15). Let j = g - 530. Calculate the greatest common divisor of 1812 and j.
12
Let k be (16 - (-3 + 2)) + -2. Suppose -2*d - 5*u = 55, -4*d + 4*u - 52 = 16. Let w be 70/42 - (d/6 + 2). Calculate the greatest common factor of w and k.
3
Suppose 0*m + 3*m - 1577 = 1933. Calculate the highest common factor of m and 60.
30
Let x(z) = z. Let s(q) = -125*q + 9. Let f(g) = -s(g) + 5*x(g). Let l be f(1). What is the highest common divisor of 44 and l?
11
Let t = -9822 + 9846. What is the greatest common divisor of t and 378?
6
Let t(b) = -15*b + 1225. Let i be t(-7). Calculate the greatest common factor of 38 and i.
38
Suppose -p = 0, -42*n + 39*n + 5*p = -60. Suppose -g - 9*g + n = 0. Calculate the highest common factor of g and 4.
2
Let r be 7*(-220)/(-16)*(-336)/(-420). Suppose 5*z = d - 65, -4*d = -3*z - 2*z - 230. What is the highest common divisor of d and r?
11
Let q = 134 + 1. Let p be (-3158)/(-14) + -7 + 180/28. What is the greatest common divisor of q and p?
45
Suppose -119 = 2*o - 1249. Suppose 2*y - 3*r - 166 = 0, 155 = -5*y + 5*r + o. Let i be y/15*18/8. What is the greatest common factor of 36 and i?
12
Suppose 14 = 2*n + 6. Suppose -o + 3*g = -n - 1, -2*o = 2*g - 26. Suppose -3*c + 5*d = -c - 47, 4*d + 75 = 5*c. What is the highest common divisor of c and o?
11
Suppose j = -2*t + 217, 9*j - 4*t = 14*j - 1109. What is the highest common factor of 775 and j?
25
Suppose -2*c + 466 = -2*u - 1162, 4*c = -u + 3236. Suppose -p = -821 + c. Suppose 3*x = 49 + 17. Calculate the highest common factor of x and p.
11
Let f = -4418 + 15806. What is the highest common divisor of 12 and f?
12
Suppose 5*t = 41 + 19. Let x be (8/368)/((-16)/(-256192)) - 2/23. What is the greatest common factor of x and t?
12
Let t(o) = -o**2 + 304*o - 6966. Let k be t(25). Suppose 4*v = 5*r + 2176, 2*r + 1070 = 4*v - 1118. Calculate the highest common factor of v and k.
9
Let q(p) = 558*p - 504. Let y be q(2). What is the greatest common factor of y and 238?
34
Suppose -5*k + 245 = -315. Suppose -3*x - 8*p + 36 = 0, -35*p - 100 = -4*x - 37*p. Calculate the greatest common divisor of k and x.
28
Suppose 4*r - 1 = 119. Let l(k) = -r + 24 + k + 17. Let s be l(3). Calculate the highest common divisor of 7 and s.
7
Let i = 40 - -152. Let y = i + -165. What is the highest common divisor of y and 45?
9
Suppose b + 7 - 35 = 0. Suppose -4*r - 52 = -3*q, -2*r + 6*r + 16 = 0. Let w be 338/8 + (-3)/q. What is the greatest common divisor of b and w?
14
Let d = 5693 - 5685. Calculate the greatest common divisor of d and 10760.
8
Let q(r) = -1078*r - 7813. Let p be q(-19). What is the greatest common factor of p and 103?
103
Let g = 1487 - 1448. Calculate the highest common divisor of g and 533.
13
Suppose -34*n + 5133 = -9040 + 2443. Calculate the greatest common factor of 667 and n.
23
Suppose 2*u = -2*p + 12, 9*u - 7*u + p - 16 = 0. Let b be (-5)/u*6*-15. Suppose 5 = 